6
Calculate the remainder when 6132 is divided by 7.
0
What is the remainder when 438816 is divided by 973?
966
What is the remainder when 6939 is divided by 330?
9
Calculate the remainder when 3745 is divided by 40.
25
What is the remainder when 668020 is divided by 553?
549
Calculate the remainder when 33063 is divided by 1738.
41
Calculate the remainder when 5551 is divided by 203.
70
Calculate the remainder when 37439 is divided by 1246.
59
Calculate the remainder when 10506 is divided by 114.
18
Calculate the remainder when 23274 is divided by 88.
42
What is the remainder when 5613 is divided by 42?
27
What is the remainder when 5850 is divided by 595?
495
What is the remainder when 26536 is divided by 108?
76
What is the remainder when 35019 is divided by 11656?
51
What is the remainder when 4902 is divided by 26?
14
What is the remainder when 4708 is divided by 2352?
4
What is the remainder when 11291 is divided by 1253?
14
What is the remainder when 8220 is divided by 908?
48
What is the remainder when 1087 is divided by 359?
10
What is the remainder when 6998 is divided by 5?
3
What is the remainder when 16633 is divided by 279?
172
Calculate the remainder when 4454 is divided by 99.
98
What is the remainder when 8718 is divided by 668?
34
What is the remainder when 3505677 is divided by 11?
10
Calculate the remainder when 5581 is divided by 164.
5
Calculate the remainder when 701 is divided by 524.
177
Calculate the remainder when 93154 is divided by 84.
82
What is the remainder when 1066969 is divided by 10564?
5
What is the remainder when 423 is divided by 202?
19
Calculate the remainder when 1337 is divided by 649.
39
Calculate the remainder when 19600 is divided by 22.
20
Calculate the remainder when 33892 is divided by 25.
17
What is the remainder when 6334 is divided by 72?
70
What is the remainder when 2366 is divided by 4?
2
What is the remainder when 53818 is divided by 30?
28
Calculate the remainder when 128485 is divided by 70.
35
Calculate the remainder when 51650 is divided by 3227.
18
Calculate the remainder when 66435 is divided by 5106.
57
What is the remainder when 3673 is divided by 92?
85
Calculate the remainder when 153642 is divided by 291.
285
What is the remainder when 47667 is divided by 15881?
24
Calculate the remainder when 50502 is divided by 3366.
12
Calculate the remainder when 2366 is divided by 104.
78
Calculate the remainder when 38722 is divided by 45.
22
What is the remainder when 87886 is divided by 676?
6
What is the remainder when 11143 is divided by 265?
13
Calculate the remainder when 1222 is divided by 185.
112
Calculate the remainder when 6376 is divided by 1548.
184
What is the remainder when 48796 is divided by 26?
20
What is the remainder when 1487 is divided by 354?
71
Calculate the remainder when 70068 is divided by 13.
11
Calculate the remainder when 51471 is divided by 17151.
18
Calculate the remainder when 3906 is divided by 1861.
184
Calculate the remainder when 1781 is divided by 159.
32
Calculate the remainder when 2972 is divided by 24.
20
Calculate the remainder when 90391 is divided by 26.
15
Calculate the remainder when 15956 is divided by 133.
129
Calculate the remainder when 1010 is divided by 743.
267
Calculate the remainder when 501855 is divided by 53.
51
What is the remainder when 321775 is divided by 73?
64
What is the remainder when 19528 is divided by 1768?
80
Calculate the remainder when 3045855 is divided by 352.
351
What is the remainder when 14090 is divided by 564?
554
What is the remainder when 34993 is divided by 686?
7
What is the remainder when 218830 is divided by 11?
7
Calculate the remainder when 52336 is divided by 1068.
4
What is the remainder when 13686 is divided by 249?
240
What is the remainder when 546 is divided by 153?
87
What is the remainder when 9219 is divided by 9184?
35
What is the remainder when 15968 is divided by 130?
108
What is the remainder when 908 is divided by 26?
24
Calculate the remainder when 3393 is divided by 188.
9
Calculate the remainder when 5693 is divided by 72.
5
Calculate the remainder when 2544 is divided by 211.
12
What is the remainder when 927 is divided by 834?
93
What is the remainder when 128 is divided by 110?
18
Calculate the remainder when 23779 is divided by 82.
81
What is the remainder when 1794585 is divided by 155?
150
Calculate the remainder when 10984 is divided by 297.
292
What is the remainder when 3472 is divided by 17?
4
Calculate the remainder when 1624179 is divided by 340.
339
What is the remainder when 6859 is divided by 381?
1
Calculate the remainder when 2273 is divided by 1091.
91
What is the remainder when 164739 is divided by 599?
14
Calculate the remainder when 5430 is divided by 230.
140
Calculate the remainder when 567 is divided by 210.
147
Calculate the remainder when 42464 is divided by 531.
515
Calculate the remainder when 4570 is divided by 415.
5
Calculate the remainder when 7551 is divided by 1865.
91
Calculate the remainder when 10612 is divided by 61.
59
What is the remainder when 3035 is divided by 1461?
113
Calculate the remainder when 5851 is divided by 214.
73
What is the remainder when 250936 is divided by 509?
508
What is the remainder when 5373 is divided by 129?
84
Calculate the remainder when 541 is divided by 116.
77
What is the remainder when 184885 is divided by 242?
239
What is the remainder when 18143 is divided by 42?
41
What is the remainder when 57611 is divided by 501?
497
What is the remainder when 7699 is divided by 3845?
9
What is the remainder when 38542 is divided by 48?
46
What is the remainder when 1535 is divided by 93?
47
Calculate the remainder when 10992 is divided by 10974.
18
Calculate the remainder when 35589 is divided by 102.
93
What is the remainder when 5246 is divided by 1318?
1292
What is the remainder when 7317 is divided by 77?
2
Calculate the remainder when 113253 is divided by 198.
195
What is the remainder when 38637 is divided by 420?
417
What is the remainder when 42519 is divided by 568?
487
Calculate the remainder when 7383 is divided by 1128.
615
Calculate the remainder when 29718 is divided by 3709.
46
What is the remainder when 136067 is divided by 4859?
15
What is the remainder when 294 is divided by 294?
0
Calculate the remainder when 2667574 is divided by 25.
24
What is the remainder when 12782 is divided by 2552?
22
Calculate the remainder when 21968 is divided by 955.
3
What is the remainder when 1135 is divided by 364?
43
What is the remainder when 315746 is divided by 750?
746
Calculate the remainder when 69612 is divided by 23197.
21
What is the remainder when 114997 is divided by 500?
497
Calculate the remainder when 343550 is divided by 61.
59
Calculate the remainder when 772 is divided by 49.
37
Calculate the remainder when 4258 is divided by 508.
194
What is the remainder when 3246 is divided by 44?
34
What is the remainder when 2917 is divided by 367?
348
Calculate the remainder when 46454 is divided by 15.
14
Calculate the remainder when 12493 is divided by 622.
53
What is the remainder when 29510 is divided by 27?
26
Calculate the remainder when 4404 is divided by 2594.
1810
What is the remainder when 1730 is divided by 1689?
41
Calculate the remainder when 20161 is divided by 469.
463
What is the remainder when 138049 is divided by 140?
9
Calculate the remainder when 2731 is divided by 412.
259
What is the remainder when 6581 is divided by 1822?
1115
What is the remainder when 930348 is divided by 25?
23
What is the remainder when 118689 is divided by 314?
311
Calculate the remainder when 33852 is divided by 2987.
995
What is the remainder when 19169 is divided by 31?
11
Calculate the remainder when 1867 is divided by 297.
85
What is the remainder when 64963 is divided by 21630?
73
What is the remainder when 19332 is divided by 5?
2
Calculate the remainder when 177397 is divided by 6117.
4
Calculate the remainder when 115 is divided by 3.
1
Calculate the remainder when 2464105 is divided by 51.
40
Calculate the remainder when 1480 is divided by 280.
80
Calculate the remainder when 36764 is divided by 681.
671
What is the remainder when 6317 is divided by 1260?
17
Calculate the remainder when 24572 is divided by 2